et p = -60 - -66. Calculate i(p).
9
Let l(d) = -2*d**3 + 2*d**2 + 2*d - 1. Let v(x) = -x**2 + 6*x - 4. Let p be v(5). Suppose -2*c + p = -4*c - 5*a, 0 = 4*c - 3*a - 11. Calculate l(c).
-5
Suppose -6*j + 17 = 5. Suppose 14 = z + i, z = -4*i - 0 + 17. Let x(c) = -j*c + z - 13. Determine x(-1).
2
Let c = -1 - -6. Suppose 3*r = 3*m - r - 25, -c*r - 23 = -m. Suppose 0 = -3*k + m - 0. Let n(f) = f**3 - f + 1. Give n(k).
1
Let q(y) = -8*y - 4. Let n(v) = 9*v + 5. Let m be (-18)/15*(4 - -1). Let d be (7/(-2) + 1)*2. Let u(s) = d*n(s) + m*q(s). Give u(-1).
-4
Let c(y) = y**2 - y + 4. Let b(g) = 2*g - 5. Let t be b(4). Determine c(t).
10
Suppose 10*o + 30 = 5*o. Let c be (o - -1)*1 + 2. Let y(f) be the third derivative of -f**6/120 - f**5/30 + f**4/12 - f**3/6 - 7*f**2. Give y(c).
2
Let p(w) = 4*w - w**2 - 6*w**2 + 8*w**2 + 2*w + 1. What is p(-6)?
1
Let l(r) be the first derivative of r**4/4 - 5*r**3/3 + 7*r**2/2 - 4*r + 7. Calculate l(4).
8
Let i(f) = 6*f - 2*f + 2 + 5*f. Let w be i(2). Suppose -2*m + 5*j = -m - 30, m + 5*j = -w. Let p(x) = -x**3 + 4*x**2 + 5*x + 2. Calculate p(m).
2
Let m(i) = -2*i**3 + i**3 + 4 + 5*i - 6*i**2 - 3*i + 9*i**2. Calculate m(3).
10
Let g(n) = -n**2 + 7*n + 8. Let a be (7/(-4))/(5 + 105/(-20)). What is g(a)?
8
Suppose -4*b = a - 24, 3*a - 45 = -2*a - 5*b. Let v(x) be the third derivative of x**4/12 - x**3 + 2*x**2. Calculate v(a).
2
Let x = 21/10 + -3/5. Let g(s) be the first derivative of 1/3*s**3 - x*s**2 + 3*s - 3. Give g(3).
3
Let d(l) = 5*l**2 + l - 1. Let i = -3 + 1. Suppose -2 = q + q. Let h = q - i. Calculate d(h).
5
Suppose 5*r - 6*r - 8 = 0. Let c = -14 - r. Let f(d) = -d**3 - 7*d**2 - 5*d - 2. Calculate f(c).
-8
Let d(c) = -c**3 + 3*c**2 + 4*c + 5. Let t be (-1)/((-15)/12 + 1). Give d(t).
5
Let w(x) be the first derivative of -x**3/3 - 14*x + 11. Calculate w(0).
-14
Suppose -2*z - 8 = -a, 2*a - 4*a + 2*z = -10. Let y(d) = a + 0*d + 2*d - 5*d + 1. Determine y(4).
-9
Suppose 0 = -3*d + 7*d. Let y(r) be the third derivative of -r**5/60 + r**4/24 - 4*r**3/3 + 3*r**2. Determine y(d).
-8
Let v be ((-120)/(-70))/(2/7). Let i(w) = -w**3 + 7*w**2 - 5*w - 2. Calculate i(v).
4
Let l be (-2 + -4)*(-4)/12. Suppose -g - l = -4. Let w(z) = 3*z + 3*z - z**2 - 3*z**g - 3 + 3*z**2. Determine w(5).
2
Suppose 0 = -2*q - q. Let v = q - 1. Let s(r) = 2*r. Give s(v).
-2
Let b(w) = -25*w**3 - 2*w**2 - 2*w - 1. Suppose -n + 18 = 19. Calculate b(n).
24
Let j(t) = 7*t**2 - 4*t + 4 + 17*t - 2*t**2 + t**3 - 8*t. Let z be j(-4). Let p(l) = -l**3 - l**2 - l - 3. Calculate p(z).
-3
Let g(k) be the first derivative of -k**2/2 + 7*k + 1. Calculate g(6).
1
Suppose 45 = -7*o + 2*o. Let x(m) = -4*m**3 + 29*m**2 + 25*m + 11. Let r(l) = -l**3 + 7*l**2 + 6*l + 3. Let u(v) = o*r(v) + 2*x(v). Determine u(6).
7
Let q(m) = -m**2 + 37. Let u be q(6). Let l(f) = -5*f**3 - f**2 + 2*f - 1. Calculate l(u).
-5
Suppose 5*g + 2 - 7 = 0. Let m(c) = 0 + 2 - 2*c - g - 6*c**2. Determine m(1).
-7
Let g(u) = 12*u**2 + 7*u - 2. Let t(h) = -h**3 - 7*h**2 - 2*h - 7. Let z be t(-7). Let r(m) = 6*m**2 + 3*m - 1. Let v(i) = z*r(i) - 3*g(i). Calculate v(1).
5
Let f(n) be the first derivative of n**3/3 - 3*n**2 - 3*n - 11. Calculate f(6).
-3
Let m(p) = -p + 7. Let j be m(6). Suppose 3*i + 3 = -0, -o + 2*i - j = 0. Let r(c) = c**3 + 3 + 2*c + 4*c**2 - 1 - 4. Calculate r(o).
1
Let y(p) = 4*p - 1. Suppose v - 5*v + 12 = 0. Suppose -8 = -v*o + o. Let c be (5 + (2 - o))/1. Give y(c).
11
Suppose 0 = -37*o + 49*o - 60. Let f(q) be the third derivative of -q**4/12 - q**3 - q**2. Calculate f(o).
-16
Let u(o) = -o + 4. Let d be u(8). Let z = d - -5. Let p = 2 + z. Let r(w) = w**3 - w**2 - 4*w + 3. Calculate r(p).
9
Let j(w) = -w + 10. Let n be j(11). Let g be (-18)/3 - (n - 0). Let m(i) = i**3 + 6*i**2 + 5*i + 5. Give m(g).
5
Let r be (2/4)/((-4)/(-64)). Suppose -3*w - r = w. Let x = 2 + w. Let q(s) = s**3 - s**2 - s + 5. Give q(x).
5
Let h(f) = -8*f + 5. Let p(b) = -b + 1. Let z(y) = -h(y) + 5*p(y). Give z(-2).
-6
Let z(l) = -l**2 + 5*l + 7. Suppose -k = -3*t - 6, -4*t = 2*k + 2*k - 24. Give z(k).
1
Let y(f) = -f - 6. Let d be y(-8). Let r be -2*(3/d + -1). Let o(u) = u - 1. Let t(a) = -a**3 - 4*a**2 - 6*a - 2. Let l(h) = r*o(h) - t(h). Calculate l(-3).
-3
Let f(b) be the third derivative of -b**7/2520 + b**6/360 - b**5/60 - b**4/6 + 4*b**2. Let i(a) be the second derivative of f(a). Give i(4).
-10
Let h(o) = -8*o**3 + o**2 - o - 1. Suppose -4*w + 0*z + 2 = 2*z, -9 = -3*z. Determine h(w).
9
Let b(g) = -g**2 + 2*g - 3. Let u be b(2). Let q(p) = -p**2 + 2*p + 2. What is q(u)?
-13
Let n(g) = -5*g**3 + 7*g**2 + 3*g + 4. Let q(k) be the second derivative of k**5/5 - k**4/2 - k**3/3 - 2*k**2 + 2*k. Let l(f) = 3*n(f) + 4*q(f). What is l(3)?
-1
Let n(s) = -2*s + 2. Let r(l) = l**3 + 3*l**2 - 4*l - 7. Let b be r(-3). Calculate n(b).
-8
Suppose -4*r + 9 = -r. Let n(h) be the second derivative of -2*h - 1/3*h**r + 0 - h**2. What is n(3)?
-8
Let u(p) = -1. Let v(i) = -3*i + 14. Let o(f) = -6*u(f) - v(f). Give o(7).
13
Let d(r) = 8*r + 9. Let y(t) = -t - 1. Let m be 6 + (-4 - 0) + 2. Suppose -m*c - 255 = c. Let g(l) = c*y(l) - 6*d(l). Calculate g(2).
3
Let q(o) = o**3 - o**2 - o - 1. Suppose 2*j - u - 11 = 0, 1 = -3*j + 4*u + u. Let b(r) = -r**2 + 8*r + 2. Let a be b(j). Calculate q(a).
1
Let w(r) = 9*r**2 - 5*r + 3. Let f(g) = g**2 - g. Let t(u) = -6*f(u) + w(u). Let j(p) = -p**3 + p**2 - 1. Let m(d) = j(d) + t(d). What is m(4)?
6
Let m = -36 - -38. Let i(h) be the third derivative of 1/6*h**3 + 0 - h**m - 7/24*h**4 + 0*h. What is i(1)?
-6
Let s(c) be the third derivative of c**4/6 - c**3/2 + 4*c**2. Let u be s(2). Let h(d) = -d**3 + 4*d**2 + 4*d - 3. Determine h(u).
-8
Let f(s) be the first derivative of -s**2 + 2*s - 2 + 1/2*s**3. Let g(j) be the first derivative of f(j). What is g(4)?
10
Let p(c) = 2*c + 10*c**2 + 24*c - 7*c + 16. Let q(s) = 3*s**2 + 6*s + 5. Let y(j) = -2*p(j) + 7*q(j). Suppose 0 = 6*i - i + 20. What is y(i)?
3
Suppose -3 = -2*i + 5. Suppose p = -i*j + 8, 4*j + 4*p - 6 = j. Let l(x) = -2*x**2 + 3*x - 8. Let k(y) = -1. Let q(w) = 5*k(w) - l(w). Give q(j).
5
Let p(g) = g + 11. Suppose -3*v = -0*v. What is p(v)?
11
Let h(y) = 10*y**3 - y. Suppose -t - 12 = -3*t. Suppose 0 = -5*g - 5*x - 10, -g = -2*x - 1 - t. Determine h(g).
9
Let r(d) be the third derivative of -d**5/120 - d**4/24 - 2*d**3/3 - d**2. Let g(s) be the first derivative of r(s). Let u be (-1 + -1)*6/(-2). What is g(u)?
-7
Let m = -6 + 10. Let o(g) = -g**2 - 1. Let x(k) = -5*k**2 - 6*k - 8. Let t(c) = m*o(c) - x(c). Determine t(-4).
-4
Let y(s) = -2*s**2 - s - 2. Let k be y(0). Let c be (6/(-4))/(k/8). Let g(l) = -l**3 + 7*l**2 - 6*l - 7. Determine g(c).
-7
Let d(b) = 14 - 6 - 10 - 2*b**2 + 3*b**2. Determine d(4).
14
Let o(j) = -j**2 - j - 1. Let k(i) = -i**2 - 6*i. Let y be k(-6). What is o(y)?
-1
Suppose 5*r - 10 = -5*h, -2*r - 5*h - 2 = -r. Let c = r - 3. Let v(j) = 0 + 5 + 0 + 2 - j. What is v(c)?
7
Let h(f) = 3*f + 1. Suppose 5 = 4*c - 9*c. Determine h(c).
-2
Suppose 5*z - 2*z = -27. Let d(j) = -j**3 - 8*j**2 + 11*j + 12. What is d(z)?
-6
Let i = 11 - 5. Suppose -5*p = -i*p. Let u(t) = t - 2. Let c(y) = -y + 2. Let q(d) = 2*c(d) + 3*u(d). What is q(p)?
-2
Let w(l) = -7*l**2 - l - 1. Let s = -39 - -38. Calculate w(s).
-7
Let a(l) = -4*l + 2. Let j(t) = -3*t + 3. Let w(g) = -4*a(g) + 5*j(g). Determine w(-5).
2
Let g(a) be the third derivative of -a**4/24 - 5*a**3/6 + 10*a**2. Give g(0).
-5
Let z = 69/52 - 14/13. Let p(n) be the third derivative of 0*n - z*n**4 + 0 - 1/60*n**5 - 5/6*n**3 + n**2. Calculate p(-4).
3
Let n = 9 - 2. Suppose -3*u + 8 = -n. Let j(m) = -2*m**3 + 2*m**3 + 5*m**2 + 2*m - m**3. Calculate j(u).
10
Let b(c) = -c**2 + 4*c. Let f be b(2). Let l(y) = y + f - 5 - 9*y. Let i be (-1 - -2)/(-4 + 5). What is l(i)?
-9
Let f(p) be the second derivative of 1/720*p**6 + 0*p**2 + 0 + 0*p**3 + 3*p + 1/4*p**4 - 1/120*p**5. Let h(b) be the third derivative of f(b). What is h(5)?
4
Let g be 2/(-3)*1/(-2). Let i(c) be the first derivative of 2 + 0*c + 1/2*c**4 + 1/2*c**2 - g*c**3. Calculate i(1).
2
Let d = 35 - 45. Let v(i) = i + 14. Give v(d).
4
Suppose -3 = -3*r - 6. Let b be r/(-2)*-4 + 1. Let d(i) = 6*i + 1. Give d(b).
-5
Let u(b) = b**2 - b. Suppose 4*z + s - 7 = 0, s = -z + 6*s + 7. Give u(z).
2
Let p